330232
3d3125 (base 14) to base 5
1020340331
Convert 1144424013 (base 5) to base 8.
12331720
What is 2902aac (base 13) in base 7?
215340123
-1c811 (base 14) to base 10
-72927
Convert -11230230133 (base 4) to base 13.
-403c00
What is -9a316 (base 16) in base 12?
-2655b2
-1803208 (base 9) to base 16
-f5a6e
79b61 (base 13) to base 5
24043023
-1145951 (base 10) to base 5
-243132301
What is 200333221203 (base 4) in base 8?
40775143
-16908 (base 16) to base 14
-2597a
-39070 (base 12) to base 4
-103000110
Convert 22734401 (base 9) to base 6.
1033055131
What is 10121222020 (base 3) in base 7?
415140
4e0c6 (base 16) to base 14
8470a
-100011110100011001011 (base 2) to base 13
-321302
What is 1011100110000111110001 (base 2) in base 14?
591ab7
What is -bb987 (base 14) in base 12?
-19b12b
Convert -2231005 (base 7) to base 3.
-112001020101
Convert 3262034 (base 7) to base 14.
a6554
What is 2a929a7 (base 11) in base 5?
2323224034
29461 (base 16) to base 14
45877
What is -5d68 (base 14) in base 6?
-203424
What is 2c3dc8 (base 15) in base 6?
113505012
Convert 2332210 (base 4) to base 5.
342241
Convert 7742314 (base 8) to base 2.
111111100010011001100
-12121201111101 (base 3) to base 12
-1000261
Convert 197a39 (base 16) to base 13.
465ca8
-85089 (base 16) to base 5
-114414110
What is 20301142 (base 5) in base 8?
503645
Convert -1aab9b (base 14) to base 15.
-13becc
Convert 37a660 (base 14) to base 10.
1911084
151222021 (base 7) to base 10
10039282
Convert -120551423 (base 6) to base 5.
-1041111343
cd1c9 (base 15) to base 3
1020010002100
100021350 (base 6) to base 14
31b270
What is 2823695 (base 10) in base 5?
1210324240
What is 90257 (base 10) in base 15?
1bb22
Convert -ab07c3 (base 14) to base 6.
-324210435
-1022000110010 (base 3) to base 15
-d933c
Convert -11301 (base 14) to base 5.
-2313444
Convert -13d29d (base 14) to base 2.
-10101000010001111011
5229171 (base 11) to base 15
c223cc
-812057 (base 10) to base 5
-201441212
Convert -2333220200 (base 4) to base 7.
-6446264
Convert -74399 (base 10) to base 9.
-123045
Convert -24338455 (base 9) to base 13.
-260610b
What is -3453772 (base 8) in base 16?
-e57fa
Convert -20214030 (base 5) to base 7.
-1251041
Convert -11000010212 (base 3) to base 13.
-29b64
What is -ac68cc (base 16) in base 6?
-1042102140
What is 10001341 (base 5) in base 12?
3940a
What is 11001021011102 (base 3) in base 2?
1000001101000100001101
Convert -169598 (base 15) to base 7.
-12206513
2425112 (base 7) to base 9
521005
Convert -1124645 (base 8) to base 2.
-1001010100110100101
What is 1505643 (base 8) in base 7?
3434423
What is -13201 (base 7) in base 12?
-2061
5043203 (base 6) to base 12
b6503
214251 (base 6) to base 13
8155
What is 102120111220 (base 3) in base 16?
379ef
23125405 (base 6) to base 11
446571
What is 665241 (base 8) in base 13?
7abb6
Convert 77986 (base 10) to base 3.
10221222101
530203241 (base 6) to base 16
8d3529
Convert -132632b (base 13) to base 10.
-6011536
Convert 12324241 (base 5) to base 6.
2330111
Convert 82032 (base 11) to base 3.
20002100222
What is 3b3457 (base 14) in base 8?
7632325
Convert 12041010 (base 5) to base 4.
123112011
What is 331010100 (base 4) in base 12?
100900
What is -69369 (base 10) in base 9?
-115136
1011102214 (base 5) to base 2
111110100100100000101
Convert 400030555 (base 6) to base 15.
8cbd12
Convert -440442 (base 6) to base 13.
-13796
What is -765011 (base 9) in base 14?
-bc456
What is 144304302 (base 5) in base 14?
162905
Convert 95790 (base 13) to base 4.
1001300112
What is 101221022012 (base 3) in base 15?
43bbb
What is 42561 (base 16) in base 6?
5453533
222202002 (base 4) to base 9
284866
4baa25 (base 12) to base 6
42342445
-1021023 (base 13) to base 16
-4a8e8d
Convert -11211010002 (base 3) to base 10.
-94853
Convert -2313133 (base 5) to base 4.
-22023010
436543 (base 8) to base 13
51a74
383828 (base 10) to base 5
44240303
10432110 (base 6) to base 4
1031000022
1110111000010101 (base 2) to base 5
3422244
Convert 243323 (base 9) to base 14.
3b6d3
1000101221212 (base 3) to base 8
2035445
Convert 1665452 (base 7) to base 9.
387128
-670b63 (base 15) to base 8
-22574051
Convert 2346325 (base 7) to base 12.
124237
Convert 1113103 (base 7) to base 13.
4aa28
What is -4333203 (base 5) in base 4?
-102013002
Convert 1400133333 (base 5) to base 12.
1219805
Convert -5273733 (base 8) to base 9.
-2573855
What is -1bb3002 (base 12) in base 5?
-3011101133
-32455400 (base 6) to base 9
-1741210
Convert 4023344 (base 6) to base 16.
2e630
What is 85260 (base 13) in base 11?
154261
Convert 20299 (base 10) to base 13.
9316
What is -18cc5 (base 14) in base 9?
-105241
-14024044 (base 5) to base 7
-1132105
Convert 761806 (base 10) to base 5.
143334211
Convert -1022043212 (base 5) to base 15.
-2c51dc
-300244141 (base 6) to base 3
-100112002201021
Convert -186a93 (base 15) to base 5.
-300441023
What is -11012020202201 (base 3) in base 16?
-220378
Convert 101001110100110010010 (base 2) to base 14.
27965c
What is 5c258 (base 14) in base 11?
144450
What is 1100210013 (base 4) in base 7?
2543034
54551626 (base 7) to base 3
22211000121211
-222022112100002 (base 3) to base 12
-4825485
Convert 12752 (base 8) to base 14.
208a
Convert -210404 (base 8) to base 13.
-25a74
1000101011000111001011101 (base 2) to base 15
18e4912
521145 (base 10) to base 14
d7cc9
Convert -2babb3 (base 16) to base 3.
-12101101221010
What is 11000001100001010001 (base 2) in base 4?
3001201101
Convert a1161 (base 13) to base 3.
112122010201
Convert -2577432 (base 8) to base 7.
-6061032
What is 65572461 (base 8) in base 11?
7a52144
Convert -291c0 (base 14) to base 6.
-2103420
763725 (base 8) to base 16
3e7d5
-41c019 (base 13) to base 3
-2220020122110
Convert 3312200320 (base 4) to base 6.
33350344
What is 119bb (base 16) in base 13?
26a9c
What is -1020699 (base 10) in base 4?
-3321030123
Convert -112000210 (base 3) to base 9.
-15023
1212185 (base 9) to base 7
5406353
-24789 (base 12) to base 14
-14077
Convert 6ac9b (base 13) to base 7.
1442643
What is -1110010002100 (base 3) in base 2?
-10111011111101011111
-a63265 (base 14) to base 15
-75e669
Convert -3130011302 (base 4) to base 12.
-375842
Convert 15022170 (base 9) to base 2.
11100011100000010110010
What is -2923c (base 13) in base 5?
-4433114
Convert -323030 (base 4) to base 15.
-11c8
What is 12020021212010 (base 3) in base 12?
b21486
What is 1503926 (base 10) in base 13?
4086c8
-2bda42 (base 15) to base 4
-20012001110
Convert -2713ce (base 16) to base 11.
-149a109
What is -1464451 (base 7) in base 9?
-335507
-14111266 (base 7) to base 2
-101000000110000101100
Convert 1340040124 (base 5) to base 8.
15076647
What is 1111000001000000110100 (base 2) in base 10?
3936308
What is 17638 (base 14) in base 7?
333401
-13634a (base 15) to base 6
-31551541
b336b0 (base 12) to base 9
5245426
What is -7052aa (base 16) in base 13?
-16a9749
Convert 301111100 (base 4) to base 2.
110001010101010000
What is -1801190 (base 10) in base 2?
-110110111101111100110
14370972 (base 10) to base 8
66644234
-110101010100000000 (base 2) to base 8
-652400
What is -243505 (base 7) in base 6?
-542001
Convert -210122210310 (base 4) to base 16.
-91a934
Convert -328361 (base 9) to base 14.
-51807
1023334420 (base 5) to base 8
10212456
Convert -43072 (base 10) to base 6.
-531224
What is 436ac1 (base 13) in base 9?
2876373
Convert 2127421 (base 9) to base 14.
2198c3
-10110110110010011 (base 2) to base 15
-1cae2
What is -1469bb (base 13) in base 11?
-311a54
What is 1231002401 (base 5) in base 6?
143550102
Convert 2133021133 (base 5) to base 6.
242053331
3433010442 (base 5) to base 13
1799707
Convert -4225407 (base 9) to base 2.
-1000100111111111100000
42a09 (base 15) to base 8
635065
What is 5782e1 (base 15) in base 10?
4178911
-1153179 (base 11) to base 13
-554b79
5dad3a (base 15) to base 10
4491730
What is 197732 (base 15) in base 2?
100101110110010110111
-121242342 (base 6) to base 4
-20303111312
46c3a6 (base 15) to base 7
40515516
What is 126eb (base 16) in base 2?
10010011011101011
Convert -a66382 (base 14) to base 16.
-55d82e
Convert 20543552 (base 7) to base 12.
700158
13330043 (base 7) to base 3
2022200221002
Convert 2bb372 (base 12) to base 6.
23550222
-4220232210 (base 5) to base 13
-1a78705
4cc7ca (base 14) to base 15
374361